 12*g - 165. What is m(19)?
63
Let c(k) = -1289*k + 3894. Give c(3).
27
Let o(t) = 10*t**2 + 194*t + 941. Calculate o(-10).
1
Let x(c) = 38*c**2 - 454*c - 41. What is x(12)?
-17
Let g(q) = -8*q**2 + 14*q - 54. Calculate g(4).
-126
Let j(r) = -2*r**3 - 38*r**2 + 37*r - 53. Give j(-20).
7
Let o(u) = -u**2 + 71*u - 1249. Calculate o(40).
-9
Let l(a) = -1968*a - 15749. Give l(-8).
-5
Let f(t) = 54*t - 802. What is f(15)?
8
Let a(s) = -s**3 - 15*s**2 - 57*s + 8. Determine a(-5).
43
Let a(g) = 4*g**2 + 126*g + 125. What is a(-1)?
3
Let o(g) = -159*g**3 - 3*g**2 - 3*g - 3. What is o(-1)?
156
Let w(i) = -i**2 - 102*i - 2396. Give w(-64).
36
Let l(b) = -b**2 + 59*b - 784. Give l(21).
14
Let u(l) = l**3 + 9*l**2 - l - 14. What is u(-8)?
58
Let h(p) = -p**2 - 159*p - 2146. Determine h(-144).
14
Let y(m) = -4*m**3 - 62*m**2 + 45*m - 13. Calculate y(-16).
-221
Let z(o) = -5*o**2 + 1146*o - 11162. Calculate z(219).
7
Let l(r) = -r**3 - 82*r**2 - 1682*r - 33. Give l(-41).
8
Let o(z) = 9*z**3 + 21*z**2 - z - 8. What is o(-2)?
6
Let d(q) = 4649*q + 27883. What is d(-6)?
-11
Let z(o) = 2*o**3 - 16*o**2 + 43*o - 150. Determine z(6).
-36
Let h(o) = -3*o**2 + 92*o + 610. What is h(-6)?
-50
Let p(t) = 460*t + 10134. Give p(-22).
14
Let i(n) = 68*n + 2182. Determine i(-32).
6
Let g(m) = -8*m + 98. What is g(-23)?
282
Let q(i) = -16*i - 474. What is q(-26)?
-58
Let a(s) = s**3 - 9*s**2 - 25*s + 263. What is a(7)?
-10
Let x(k) = 7015*k - 98167. Determine x(14).
43
Let a(w) = -w**2 - 21*w - 896. What is a(0)?
-896
Let k(b) = -4*b**3 - 95*b**2 + 83. Give k(-23).
-1504
Let h(d) = d**2 - 133*d + 755. Give h(124).
-361
Let l(q) = q**3 - 31*q**2 + 14*q + 529. Give l(30).
49
Let f(t) = 3082*t**2 - 27730*t - 77. Determine f(9).
-5
Let o(n) = -n**3 + 5*n**2 + 57*n - 2. Give o(11).
-101
Let v(z) = 153*z + 4439. Give v(-29).
2
Let p(o) = o**2 - 4*o - 23. Determine p(-4).
9
Let n(p) = p**3 + 55*p**2 - 58*p - 110. Determine n(-56).
2
Let t(z) = -4626*z + 18493. Determine t(4).
-11
Let u(b) = b**3 + 20*b**2 + 78*b + 14. Calculate u(-9).
203
Let p(q) = -647*q - 643. Determine p(-1).
4
Let u(r) = -71*r**2 + 38. What is u(0)?
38
Let k(f) = -32*f + 1. Determine k(4).
-127
Let r(i) = -5*i + 173. Determine r(29).
28
Let t(g) = -677*g - 3045. Give t(-5).
340
Let r(w) = 4*w**2 + 13*w - 6. Calculate r(-11).
335
Let v(h) = -2*h**2 - 7208*h - 21613. Determine v(-3).
-7
Let m(a) = a**3 + 29*a**2 - 27*a - 1543. Calculate m(-28).
-3
Let o(r) = -54*r**2 + 101*r + 12. Give o(2).
-2
Let d(a) = 81*a + 494. Give d(-6).
8
Let r(i) = 7*i + 147. Give r(-18).
21
Let o(k) = -12*k**2 - 41*k - 40. Calculate o(-1).
-11
Let l(s) = 4*s**2 - 747*s + 2742. Give l(183).
-3
Let x(r) = 5*r**3 + 8*r**2 + 73*r - 394. Calculate x(5).
796
Let r(x) = -x**3 + 29*x**2 - 153*x + 7. Determine r(22).
29
Let s(v) = -v**3 + 19*v**2 - 81*v + 14. Determine s(6).
-4
Let q(h) = 7*h - 115. Give q(14).
-17
Let x(d) = -6*d - 84. Give x(-23).
54
Let p(y) = y**3 + 66*y**2 - 217*y - 549. Give p(-69).
141
Let p(w) = -2*w**2 + 34*w - 130. Calculate p(16).
-98
Let u(p) = 281*p + 2247. Determine u(-8).
-1
Let f(s) = s**2 - 28*s + 99. Calculate f(15).
-96
Let d(h) = 37*h**2 + 1070*h + 64. Calculate d(-29).
151
Let f(m) = -m**3 + 52*m**2 - 52*m + 207. What is f(51)?
156
Let d(u) = 15*u**2 - 3*u + 18. Give d(6).
540
Let h(s) = s**2 + 3937*s - 19714. Give h(5).
-4
Let j(r) = -17*r**2 - 2*r + 138. Give j(0).
138
Let w(l) = -19*l + 408. Calculate w(30).
-162
Let n(h) = -3*h**2 + 198*h + 402. What is n(-2)?
-6
Let i(p) = -6*p**2 + 49*p - 93. Give i(2).
-19
Let s(q) = -q**2 - 67*q + 2785. Determine s(-96).
1
Let s(p) = 12*p**2 + 190*p - 37. Calculate s(-16).
-5
Let q(d) = -4*d**2 - 10*d + 11. Calculate q(-4).
-13
Let w(u) = -2*u + 21. Determine w(2).
17
Let v(a) = -2*a**2 - 102*a - 1042. Give v(-37).
-6
Let a(h) = h**3 + 44*h**2 + 429*h - 5. Determine a(-17).
505
Let h(p) = -2*p**3 + 8*p**2 - 2*p - 7. Determine h(5).
-67
Let s(f) = -184*f**2 + 1298*f - 64. Calculate s(7).
6
Let f(r) = 2*r**2 - 101*r + 229. Determine f(48).
-11
Let m(q) = -338*q - 5753. Give m(-17).
-7
Let j(x) = 6*x**2 + 49*x + 17. Calculate j(-7).
-32
Let y(q) = -q**3 - 4*q**2 + 22*q + 16. Calculate y(-5).
-69
Let c(y) = 25*y - 17. Give c(1).
8
Let q(k) = 9897*k - 29688. Calculate q(3).
3
Let g(c) = 2*c**2 - 15*c + 49. Calculate g(13).
192
Let b(q) = 2*q**2 + 21*q + 27. Determine b(-9).
0
Let s(i) = 33*i**3 + 1054*i**2 - 71*i - 230. Give s(-32).
-6
Let b(o) = 37*o**2 + 138*o - 10. Calculate b(-4).
30
Let b(w) = -w**2 - 525*w - 12498. Give b(-25).
2
Let i(c) = -c**2 - 111*c + 3083. What is i(23)?
1
Let d(z) = -28*z + 70. Calculate d(10).
-210
Let g(r) = -r**2 + 28*r + 11. Give g(25).
86
Let w(v) = -181*v - 1114. What is w(-6)?
-28
Let l(t) = 7*t - 401. Give l(22).
-247
Let t(u) = -u**2 + 147*u - 1249. Determine t(9).
-7
Let o(w) = 3*w**2 - 1236*w - 10080. Determine o(-8).
0
Let l(k) = 572*k + 12597. Give l(-22).
13
Let h(f) = -65*f**2 + 516*f + 515. Determine h(-1).
-66
Let x(i) = -371*i + 5128. Give x(14).
-66
Let q(n) = -n**2 - 17*n + 1. Determine q(-4).
53
Let b(n) = 4*n**2 - 71*n - 2583. Determine b(-18).
-9
Let m(d) = -d**3 - 60*d**2 - 101*d + 878. Give m(-58).
8
Let a(v) = -v**3 + v**2 + 9*v + 132. Determine a(8).
-244
Let t(x) = 22*x**2 + 8*x - 2. Determine t(-3).
172
Let c(b) = -b**3 + 15*b**2 - 19*b + 187. Calculate c(11).
462
Let h(q) = q**2 + 10*q - 40. What is h(-8)?
-56
Let b(r) = 4*r**2 + 83*r + 75. Give b(-20).
15
Let q(z) = -15*z - 36. Calculate q(-1).
-21
Let g(z) = -z**3 + 5*z**2 + 206*z - 74. Determine g(18).
-578
Let p(v) = v**3 - 7*v**2 - 122*v + 43. Determine p(15).
13
Let p(c) = 4*c**3 + 595*c**2 - 156*c - 1132. What is p(-149)?
-89
Let a(i) = 2*i**2 + 5*i + 11. Determine a(-2).
9
Let z(y) = 80*y**2 + 163*y + 18. Calculate z(-2).
12
Let c(f) = -27*f - 571. Give c(-13).
-220
Let a(v) = -v**2 - 84*v - 168. What is a(-82)?
-4
Let a(k) = 14*k + 366. What is a(-28)?
-26
Let w(l) = 2*l**3 + 34*l**2 + 39*l + 6. Give w(-16).
-106
Let f(v) = v**2 + 39*v - 6765. Calculate f(65).
-5
Let f(a) = -1324*a - 5362. Calculate f(-4).
-66
Let x(n) = -10*n**3 + 29*n**2 - 6*n + 3. What is x(3)?
-24
Let f(i) = -8*i**2 - 1855*i + 2120. Determine f(-233).
23
Let x(o) = 2*o**3 - 13*o**2 + 23*o - 94. Give x(6).
8
Let r(y) = -107*y - 24114. Give r(-225).
-39
Let r(z) = -46*z - 292. What is r(-6)?
-16
Let s(n) = -2*n**2 - 821*n - 4459. Give s(-405).
-4
Let o(u) = u**3 + 29*u**2 - 70*u + 866. Determine o(-32).
34
Let o(q) = -q**3 - 4*q**2 - 17*q - 177. What is o(-6)?
-3
Let x(a) = -10*a**2 - 817*a + 1659. Calculate x(2).
-15
Let l(j) = -j**3 + 3*j**2 - 2*j + 4. Calculate l(0).
4
Let i(k) = -763*k - 2293. What is i(-3)?
-4
Let a(m) = m**2 + 12*m + 13. What is a(-6)?
-23
Let f(c) = c**3 - 3*c**2 - 2*c - 173. Calculate f(0).
-173
Let m(d) = 2*d**3 + 18*d**2 + 26*d - 63. What is m(-6)?
-3
Let v(w) = 6*w + 13. What is v(-7)?
-29
Let h(q) = -q**3 - 19*q**2 - 40*q - 104. Give h(-16).
-232
Let g(f) = -319*f + 12143. Calculate g(38).
21
Let k(a) = -2*a**3 - 119*a**2 - 61*a - 124. What is k(-59)?
-6
Let s(x) = -30*x + 844. Calculate s(28).
4
Let j(k) = -662*k + 2003. Calculate j(3).
17
Let i(r) = r**3 + 2*r**2 + 3*r + 269. Calculate i(-7).
3
Let r(k) = 33*k**2 + 182*k + 7. Give r(-5).
-78
Let k(c) = c**3 + 10*c**2 - 22*c + 17. Give k(-12).
-7
Let d(f) = -712*f - 26326. Calculate d(-37).
18
Let q(f) = 3*f**2 - 68*f - 26. What is q(22)?
-70
Let l(m) = 55*m**2 - 935*m - 3. Give l(17).
-3
Let f(p) = -p**3 - 17*p**2 + 82*p - 33. Calculate f(-21).
9
Let z(i) = -2*i**2 + 293*i + 3617. Calculate z(158).
-17
Let p(t) = -t**2 + 2828*t + 11331. Calculate p(-4).
3
Let q(g) = 132*g + 738. Determine q(-6).
-54
Let a(b) = 8*b**3 + 2*b**2 - 7*b - 3. Give a(-2).
-45
Let f(u) = u**3 - 51*u**2 + 5*u - 244. What is f(51)?
11
Let c(a) = -2*a**2 - 30*a + 778. Determine c(14).
-34
Let u(m) = m**2 - 132*m + 2523. Calculate u(23).
16
Let s(x) = 2*x**2 + 32*x - 60. Give s(-6).
-180
Let f(l) = -l**2 - 195*l - 8654. What is f(-128)?
-78
Let u(h) = 2*h**3 + 12*h**2 + 5*h + 8. Calculate u(-6).
-22
Let c(p) = -5743*p - 132095. What is c(-23)?
-6
Let t(c) = -4*c**3 + 151*c**2 + 195*c - 6. Calculate t(39).
-6
Let p(t) = -2*t**2 - 28*t + 9. Determine p(-16).
-55
Let y(r) = r**2 - 34*r - 872. Give y(51).
-5
Let i(o) = 12*o**2 +